{"id":3490,"date":"2023-06-22T13:53:53","date_gmt":"2023-06-22T13:53:53","guid":{"rendered":"https:\/\/artzaieguna.eus\/?page_id=3490"},"modified":"2026-08-21T08:14:46","modified_gmt":"2026-08-21T08:14:46","slug":"saludo","status":"publish","type":"page","link":"https:\/\/artzaieguna.eus\/index.php\/es\/saludo\/","title":{"rendered":"Saludo"},"content":{"rendered":"<div class=\"fusion-fullwidth fullwidth-box fusion-builder-row-1 fusion-flex-container has-pattern-background has-mask-background nonhundred-percent-fullwidth non-hundred-percent-height-scrolling\" style=\"--awb-border-radius-top-left:0px;--awb-border-radius-top-right:0px;--awb-border-radius-bottom-right:0px;--awb-border-radius-bottom-left:0px;--awb-flex-wrap:wrap;\" ><div class=\"fusion-builder-row fusion-row fusion-flex-align-items-flex-start fusion-flex-content-wrap\" style=\"max-width:1248px;margin-left: calc(-4% \/ 2 );margin-right: calc(-4% \/ 2 );\"><div class=\"fusion-layout-column fusion_builder_column fusion-builder-column-0 fusion_builder_column_1_1 1_1 fusion-flex-column\" style=\"--awb-bg-size:cover;--awb-width-large:100%;--awb-margin-top-large:0px;--awb-spacing-right-large:1.92%;--awb-margin-bottom-large:0px;--awb-spacing-left-large:1.92%;--awb-width-medium:100%;--awb-order-medium:0;--awb-spacing-right-medium:1.92%;--awb-spacing-left-medium:1.92%;--awb-width-small:100%;--awb-order-small:0;--awb-spacing-right-small:1.92%;--awb-spacing-left-small:1.92%;\"><div class=\"fusion-column-wrapper fusion-column-has-shadow fusion-flex-justify-content-flex-start fusion-content-layout-column\"><div class=\"fusion-title title fusion-title-1 sep-underline sep-solid fusion-title-center fusion-title-text fusion-title-size-one\" style=\"--awb-margin-top-small:0px;--awb-margin-right-small:0px;--awb-margin-bottom-small:20px;--awb-margin-left-small:0px;\"><h1 class=\"fusion-title-heading title-heading-center\" style=\"margin:0;\">SALUDO<\/h1><\/div><div class=\"fusion-text fusion-text-1\"><p>Como todos los a\u00f1os, el \u00faltimo domingo de agosto celebraremos la edici\u00f3n n\u00famero 58 del Artzai Eguna en Uharte Arakil.<\/p>\n<p>La fiesta tiene como objetivo homenajear a los pastores y pastoras, y que las personas que se acerquen a Uharte disfruten de la jornada. Propios y ajenos podr\u00e1n ver en directo la labor de profesionales del pastoreo y degustar y adquirir, si lo desean, los quesos que elaboran.<\/p>\n<p>En esta ocasi\u00f3n queremos ensalzar el esfuerzo diario y la dedicaci\u00f3n de nuestros pastores, cuyo compromiso es el verdadero motor que mantiene viva nuestra identidad y cultura. Queremos reconocer el gran m\u00e9rito de todos aquellos que, con su trabajo incansable, consiguen que este oficio milenario se mantenga fuerte, mire al futuro con orgullo y contin\u00fae adelante.<\/p>\n<p>El pastoreo es uno de los oficios m\u00e1s tradicionales del mundo rural y uno de los que m\u00e1s contribuye al desarrollo econ\u00f3mico, as\u00ed como a la sostenibilidad medioambiental. En ese sentido, desde la organizaci\u00f3n de esta fiesta seguimos implantando medidas para intentar que sea m\u00e1s sostenible y accesible para todas las personas que se quieran acercar hasta nuestro pueblo.<\/p>\n<p>Desde aqu\u00ed, todo el agradecimiento a los y las profesionales, instituciones y patrocinadores que trabajan para que el Artzai Eguna se realice con gran aceptaci\u00f3n.<\/p>\n<p>Ven a Uharte Arakil el 30 de agosto. \u00a1Te estaremos esperando!<\/p>\n<p><strong>Rub\u00e9n Uharte Razkin<\/strong>\u00a0(Presidente de la Sociedad Aralar Mendi)<\/p>\n<\/div><\/div><\/div><\/div><\/div>\n","protected":false},"excerpt":{"rendered":"","protected":false},"author":1,"featured_media":0,"parent":0,"menu_order":0,"comment_status":"closed","ping_status":"closed","template":"","meta":{"footnotes":""},"class_list":["post-3490","page","type-page","status-publish","hentry"],"_links":{"self":[{"href":"https:\/\/artzaieguna.eus\/index.php\/wp-json\/wp\/v2\/pages\/3490","targetHints":{"allow":["GET"]}}],"collection":[{"href":"https:\/\/artzaieguna.eus\/index.php\/wp-json\/wp\/v2\/pages"}],"about":[{"href":"https:\/\/artzaieguna.eus\/index.php\/wp-json\/wp\/v2\/types\/page"}],"author":[{"embeddable":true,"href":"https:\/\/artzaieguna.eus\/index.php\/wp-json\/wp\/v2\/users\/1"}],"replies":[{"embeddable":true,"href":"https:\/\/artzaieguna.eus\/index.php\/wp-json\/wp\/v2\/comments?post=3490"}],"version-history":[{"count":8,"href":"https:\/\/artzaieguna.eus\/index.php\/wp-json\/wp\/v2\/pages\/3490\/revisions"}],"predecessor-version":[{"id":5698,"href":"https:\/\/artzaieguna.eus\/index.php\/wp-json\/wp\/v2\/pages\/3490\/revisions\/5698"}],"wp:attachment":[{"href":"https:\/\/artzaieguna.eus\/index.php\/wp-json\/wp\/v2\/media?parent=3490"}],"curies":[{"name":"wp","href":"https:\/\/api.w.org\/{rel}","templated":true}]}}

<div class="fusion-fullwidth fullwidth-box fusion-builder-row-1 fusion-flex-container has-pattern-background has-mask-background nonhundred-percent-fullwidth non-hundred-percent-height-scrolling" style="--awb-border-radius-top-left:0px;--awb-border-radius-top-right:0px;--awb-border-radius-bottom-right:0px;--awb-border-radius-bottom-left:0px;--awb-flex-wrap:wrap;" ><div class="fusion-builder-row fusion-row fusion-flex-align-items-flex-start fusion-flex-content-wrap" style="max-width:1248px;margin-left: calc(-4% / 2 );margin-right: calc(-4% / 2 );"><div class="fusion-layout-column fusion_builder_column fusion-builder-column-0 fusion_builder_column_1_1 1_1 fusion-flex-column" style="--awb-bg-size:cover;--awb-width-large:100%;--awb-margin-top-large:0px;--awb-spacing-right-large:1.92%;--awb-margin-bottom-large:0px;--awb-spacing-left-large:1.92%;--awb-width-medium:100%;--awb-order-medium:0;--awb-spacing-right-medium:1.92%;--awb-spacing-left-medium:1.92%;--awb-width-small:100%;--awb-order-small:0;--awb-spacing-right-small:1.92%;--awb-spacing-left-small:1.92%;"><div class="fusion-column-wrapper fusion-column-has-shadow fusion-flex-justify-content-flex-start fusion-content-layout-column"><div class="fusion-title title fusion-title-1 sep-underline sep-solid fusion-title-center fusion-title-text fusion-title-size-one" style="--awb-margin-top-small:0px;--awb-margin-right-small:0px;--awb-margin-bottom-small:20px;--awb-margin-left-small:0px;"><h1 class="fusion-title-heading title-heading-center" style="margin:0;">SALUDO</h1></div><div class="fusion-text fusion-text-1"><p>Como todos los años, el último domingo de agosto celebraremos la edición número 58 del Artzai Eguna en Uharte Arakil.</p>
<p>La fiesta tiene como objetivo homenajear a los pastores y pastoras, y que las personas que se acerquen a Uharte disfruten de la jornada. Propios y ajenos podrán ver en directo la labor de profesionales del pastoreo y degustar y adquirir, si lo desean, los quesos que elaboran.</p>
<p>En esta ocasión queremos ensalzar el esfuerzo diario y la dedicación de nuestros pastores, cuyo compromiso es el verdadero motor que mantiene viva nuestra identidad y cultura. Queremos reconocer el gran mérito de todos aquellos que, con su trabajo incansable, consiguen que este oficio milenario se mantenga fuerte, mire al futuro con orgullo y continúe adelante.</p>
<p>El pastoreo es uno de los oficios más tradicionales del mundo rural y uno de los que más contribuye al desarrollo económico, así como a la sostenibilidad medioambiental. En ese sentido, desde la organización de esta fiesta seguimos implantando medidas para intentar que sea más sostenible y accesible para todas las personas que se quieran acercar hasta nuestro pueblo.</p>
<p>Desde aquí, todo el agradecimiento a los y las profesionales, instituciones y patrocinadores que trabajan para que el Artzai Eguna se realice con gran aceptación.</p>
<p>Ven a Uharte Arakil el 30 de agosto. ¡Te estaremos esperando!</p>
<p><strong>Rubén Uharte Razkin</strong> (Presidente de la Sociedad Aralar Mendi)</p>
</div></div></div></div></div>
